 z = -40 + 27. Let h = 16 + z. Suppose -3*f - h*q - 2*q = -134, 4 = q. List the prime factors of f.
2, 19
Let v be -21*((-3)/(-9) + 22/(-3)). Let u = v - 44. List the prime factors of u.
103
Suppose -9252 = -9357*l + 9355*l. What are the prime factors of l?
2, 3, 257
Let k = 209 - -594. List the prime factors of k.
11, 73
What are the prime factors of 3 + 9*83*(-4)/(-12)?
2, 3, 7
Let t = -675 + 1039. Let z = 565 - t. What are the prime factors of z?
3, 67
Let d(y) = -275*y + 300. List the prime factors of d(-10).
2, 5, 61
Let q be (-4)/(-1*(-6)/(-45)). Suppose -5*p - 5*a + q = 0, -a = -p - 0*p + 10. Suppose -p = -7*d + 6*d. What are the prime factors of d?
2
What are the prime factors of (-42924)/(-63) + 16/6?
2, 3, 19
Suppose -191*g = -196*g + 8585. What are the prime factors of g?
17, 101
Let g be 1/5 - ((-12132)/15 - 7). Suppose 240 = 6*h - g. What are the prime factors of h?
2, 11
Suppose -v = 4*m - 2910, -m + 15 = -2*v - 708. List the prime factors of m.
727
Let j(n) = -n**3 - n**2 - 3*n + 8. Let p(y) = y**3 + 2*y - 7. Let r(l) = 3*j(l) + 4*p(l). What are the prime factors of r(5)?
41
Let g = 62 + -33. Suppose k + g - 9 = -4*r, -24 = 5*r + k. What are the prime factors of r*(-1 - (-2 - -3))?
2
Let o(u) = u**2 - 18*u + 12. List the prime factors of o(-9).
3, 5, 17
Let n(k) = -3*k**2 + 2*k - 3. Let f be n(3). Let o = f + 56. What are the prime factors of o?
2
Suppose 2 = -q + 5*u, -3*q - 4*u - 23 - 21 = 0. Let p be ((-2)/3)/(q/18). What are the prime factors of 53/(p/(-2)*-2)?
53
Let i(w) = -w + 18. Let j be i(8). Let o = 46 - j. What are the prime factors of o?
2, 3
List the prime factors of -9*(-1)/(-3) + (418 - 0).
5, 83
Suppose 7*s = 23*s - 976. List the prime factors of s.
61
Let s = 40 - 43. List the prime factors of (-4 + 16*s)*-1.
2, 13
Suppose -12643 = -5*o + 3*f, 3*o + 3*f - 7587 = 6*f. What are the prime factors of o?
2, 79
Suppose -12 = 5*v - 9*v. What are the prime factors of 1/2 - ((-927)/6)/v?
2, 13
Let o(z) = 3*z**2 - 21*z - 6. List the prime factors of o(17).
2, 3, 7
Suppose k + 2*p - 3 = 1, 3*k + p = 2. List the prime factors of (k - -31)*(4 + -2 + 2).
2, 31
Let n(g) = g**2 - 3*g + 2. Let f be n(2). Suppose -3*s + 7*s - 16 = f. Suppose -2*a + p - 19 = -5*a, 0 = s*a + 5*p - 18. List the prime factors of a.
7
Suppose 11*k - 4688 - 2484 = 0. List the prime factors of k.
2, 163
Let r(p) = 3*p**3 - 9*p**2 - p + 9. List the prime factors of r(6).
3, 109
Let b = 53 - -59. Let c = 126 - b. What are the prime factors of c?
2, 7
Let f = -28 - -28. Suppose 4*n - 4*b - 172 = f, 4*b - 5 = 3*b. What are the prime factors of n?
2, 3
Let i = 5067 + -2818. List the prime factors of i.
13, 173
Let n = 1 - -13. Suppose g + n = 2. Let s = 14 + g. What are the prime factors of s?
2
Let i be (-6)/(-6) - (-2 + -1). Suppose 5*b + 45 = 3*r + 18, -i*b - 24 = -3*r. Suppose 4*w + w + r*j = 107, 4*w = -2*j + 82. What are the prime factors of w?
19
Let u(q) = -q**3 - 12*q**2 - 13*q. Let c be -1*(1 - -6) - 4. What are the prime factors of u(c)?
2, 11
Suppose 6*r - 2*r = -2*u + 34, -3*r - 48 = -2*u. Suppose 0*l + 5 = l + 3*f, -5*f - u = -l. List the prime factors of l.
11
Suppose -2*i = -o - 62, 3*o = -3*i + 2*o + 103. Let j = 167 + i. List the prime factors of j.
2, 5
Let s(d) = 4*d - 1. Let o be s(1). Let y = -41 + o. Let n = 54 + y. List the prime factors of n.
2
Let k be (-6)/(-12) + (-46)/(-4). Suppose 4*b - k = -0*b, 2*f = 3*b + 67. List the prime factors of f.
2, 19
Suppose 0 = -2*w + 4*k + 20, 4*w + 3*k + 0*k + 4 = 0. Suppose 4*s + w*p - 407 + 81 = 0, p = 4*s - 311. What are the prime factors of s?
79
List the prime factors of -15 + 23 + 885 + 1.
2, 3, 149
Let c(g) be the first derivative of -11*g**4/2 - g**2/2 + 11. What are the prime factors of c(-1)?
23
Suppose -5*t + 8 = -7. Let n(q) = -t*q**2 - q**2 + 4 - 9*q + 3*q**2. What are the prime factors of n(-9)?
2
Let o be 498*1 - -2 - -1. Suppose -106 = 5*b - o. List the prime factors of b.
79
Suppose -2*l - 9 = j, l = -j + 6*j + 12. Let t(s) = -s**2 + 5*s + 4. Let x be t(6). What are the prime factors of j/(3/8)*x?
2
What are the prime factors of ((-210)/(-175))/(2 + (-2558)/1280)?
2, 3
Let q(d) = d**2 - 12*d - 13. Let s be q(13). Suppose 9*h - 39 - 150 = s. List the prime factors of h.
3, 7
Let k = 36 + 560. List the prime factors of k.
2, 149
Suppose -7*x + 10*x = 24. Suppose 3*y = 4 + x. Suppose 5*k - 133 - 3 = -o, -16 = y*o. What are the prime factors of k?
2, 7
Let m(h) be the third derivative of -h**5/60 + 19*h**4/24 - 7*h**3/3 + 2*h**2. What are the prime factors of m(15)?
2, 23
Let h = 980 - 472. List the prime factors of h.
2, 127
Suppose 2*r + a = -6, -r - 2*a = -0*a + 3. Let y = r + 105. What are the prime factors of y?
2, 3, 17
Suppose 0 = 11*t - 5*t - 102. Suppose t = -j + 229. List the prime factors of j.
2, 53
Suppose -4*o + 18 = a, 0 = -2*o - o - 2*a + 11. Suppose q - 307 = k - 6*k, 2*k + o*q - 132 = 0. List the prime factors of k.
61
Let w(p) = p**2 + 12*p - 18. List the prime factors of w(-17).
67
Let n(a) = -a + 7. Suppose 2*b + 2 = 2*g, -5*g + 14 = -g - 2*b. Let d be n(g). List the prime factors of 28/d*(-3)/(-6).
2, 7
Let r be 45 - (4 - 0) - 3. Let j = r - 20. What are the prime factors of j?
2, 3
Suppose 3*y + 41 = 182. Suppose -j = -10 - y. Suppose c - 3*g = j, -5*c + g = 6*g - 205. What are the prime factors of c?
3, 5
Let l(j) = j - 9. Let y = 16 + -11. Let h be l(y). Let p = 17 - h. What are the prime factors of p?
3, 7
Let f = -328 - -496. What are the prime factors of f?
2, 3, 7
Let b = -7 - -15. Let i be (b/(-12))/(1/(-3)). List the prime factors of i/(-5) + 156/15.
2, 5
Suppose -2*y - 16 = -0*c - 2*c, 0 = -5*y - 25. Suppose -112 = -c*z - z. Suppose -4*l + 120 = -z. What are the prime factors of l?
37
Let w = -5 - 10. Let p = w + 19. Suppose 0 = -p*o + o + 42. What are the prime factors of o?
2, 7
List the prime factors of (-3 + (-20)/(-6))*(6221 - 8).
19, 109
Suppose -12 = -3*f + 3*r, -14 = -4*f + r + 4*r. Let c(k) = 2*k**2 - 8*k + 13. List the prime factors of c(f).
37
Suppose 49*d - 3255 = 14*d. List the prime factors of d.
3, 31
Let x = -11 - -11. Suppose x*y = 3*y + 3*o - 210, 2 = -o. Suppose 0 = 3*j - 0*j - y. List the prime factors of j.
2, 3
Let i be (-154)/(-30) - 30/225. Suppose -3*n + 4 + i = 0. Suppose n*t - 78 = -6. What are the prime factors of t?
2, 3
Let l be (2/(-4))/((-14)/308). Suppose 9*d = l*d - 414. List the prime factors of d.
3, 23
Suppose 0 = -3*r + r + 10. Suppose -3*i = -r*c - 70 - 12, -22 = -i - c. List the prime factors of i.
2, 3
Let f be 1 + 2/(2 + -4). Suppose 2*o + 6 = -3*m, 4*o + 2*m = -f*o - 4. Suppose o*z + 5*z - 35 = 0. List the prime factors of z.
7
Let d = -665 - -1065. What are the prime factors of d?
2, 5
Let s = 65 - -91. List the prime factors of s.
2, 3, 13
Suppose -2*d - 5 - 1 = 0. What are the prime factors of ((4 - 0) + -7)/(d/178)?
2, 89
Let z(r) = 229*r + 8. What are the prime factors of z(2)?
2, 233
Let q(v) = -4*v + 28. Let i be q(-13). Let d = 140 - i. List the prime factors of d.
2, 3, 5
Let m = 1464 + -1000. What are the prime factors of m?
2, 29
Let b be 6/9*(2 - 5). List the prime factors of 40 + (b - 1 - -1).
2, 19
Let j(y) = -76*y - 3. What are the prime factors of j(-4)?
7, 43
Let k = -3 - -5. Suppose -k*y = -2, -4*l + 4116 + 590 = 2*y. List the prime factors of l/35 - 4/(-10).
2, 17
Suppose 4*m + 6*m = -2*m. Suppose m = 8*y - 15*y + 161. What are the prime factors of y?
23
Let t(y) = 9*y - 1. Let j be t(-6). List the prime factors of (-2662)/j - 2/5.
2, 3
Suppose 0 = -t + 5, 3*y = -0*y - 4*t + 23. Suppose -19 = -5*p - 2*c, -5 = -3*c + y. Suppose -8*u = -p*u - 105. List the prime factors of u.
3, 7
Let c(x) = -734*x - 237. List the prime factors of c(-3).
3, 5, 131
Let d(p) = -6*p**2 - 8*p + 24. Let v(j) = -j - 1. Let r(h) = -d(h) + 5*v(h). What are the prime factors of r(-8)?
331
Suppose 0 = -a - 2 - 1. Let j be 5/((a + 0)/3). What are the prime factors of 3/j - 265/(-25)?
2, 5
Suppose 0 = -12*b + 13*b + 4. List the prime factors of (b/(-10))/(6/510).
2, 17
Suppose 1154*a = 1166*a - 12396. List the prime factors of a.
1033
Let m = 124 + -82. Suppose -m = -2*b + b. List the prime factors of b.
2, 3, 7
Suppose -a - 53 = -275. Suppose n - 60 = 2*j + 2*j, -a = -4*n - 2*j. List the prime factors of -3*(n/(-12